10-19 11:21:03.149 2330 2396 D WindowManager: interceptKeyTq keycode=23 down=true keyname=KEYCODE_DPAD_CENTER
10-19 11:21:03.149 2330 2395 D WindowManager: interceptKeyTi keyCode=23 repeatCount=0
10-19 11:21:03.149 2330 2395 D WindowManager: Hisense systemkey event: 23
10-19 11:21:03.317 2330 2396 I InputDispatcher: notifyKey - eventTime=1790370073000, deviceId=5, source=0x301, policyFlags=0x0, action=0x1, flags=0x8, keyCode=0x17, scanCode=0x1c, metaState=0x0, downTime=1790201643000
10-19 11:21:03.317 2330 2396 D WindowManager: interceptKeyTq keycode=23 down=false keyname=KEYCODE_DPAD_CENTER
10-19 11:21:03.317 2330 2395 D WindowManager: interceptKeyTi keyCode=23 repeatCount=0
10-19 11:21:03.317 2330 2395 D WindowManager: Hisense systemkey event: 23
10-19 11:21:03.325 2330 4531 W ActivityManager: Unable to start service Intent { act=com.hisense.hitv.startAD pkg=com.hisense.service.ad (has extras) } U=0: not found
10-19 11:21:03.325 2982 3161 E SystemTime: you need call SystemTime.init(Context c) .
10-19 11:21:03.329 3527 3527 D VoiceControl: mSiloChangeBroadcastReceiver siloName:com.bay.elassistant
10-19 11:21:03.330 2330 2509 I ActivityManager: START u0 {flg=0x10000100 cmp=com.bay.elassistant/.MainActivity (has extras)} from uid 10014 on display 0
10-19 11:21:03.334 2531 2531 D ShutdownManager: Intent received, action=com.jamdeo.tv.systemui.SILO_CHANGED
10-19 11:21:03.334 2531 2531 I ShutdownManager: Tile change to com.bay.elassistant, input: 0
10-19 11:21:03.334 2531 2837 D ShutdownManager: stopMonitoringInputEvent for token=com.jamdeo.ShutdownManager.Inactivity.Shutdown
10-19 11:21:03.335 2531 2837 D ShutdownManager: stopMonitoringInputEvent for token=com.jamdeo.ShutdownManager.Inactivity.ScreenSaver
10-19 11:21:03.336 2531 2837 I ShutdownManager: reset monitoring when switch silos, mShutdownPrevented=true
10-19 11:21:03.336 2531 2837 D ShutdownManager: STOP_SCREENSAVER mDreamState=PREPARESTOP
10-19 11:21:03.337 2531 2837 D ShutdownManager: broadcast com.jamdeo.intent.STOP_SCREENSAVER
10-19 11:21:03.339 2330 2509 D OsdMonitorService: mCurrentWindow = com.jamdeo.tv.vod/com.ju.main.apppage.AppPageActivity; newWindow = com.jamdeo.tv.vod/com.ju.main.apppage.AppPageActivity; isSubWindow = false; isInWinList = false; isExitNow = false
10-19 11:21:03.339 2330 2509 D OsdMonitorService: windowNotOsd() : name = com.jamdeo.tv.vod/com.ju.main.apppage.AppPageActivity
10-19 11:21:03.339 2330 2509 I OsdMonitorService: setOsdStatus() : status will change from true to true
10-19 11:21:03.342 2330 2509 I UsageStatsService: paused component:com.jamdeo.tv.vod
10-19 11:21:03.342 2330 2509 V UsageStatsService: Paused: 1790395 Component: com.jamdeo.tv.vod/com.ju.main.apppage.AppPageActivity Time: 1603077663342 LastSessionTime: 130566 CumulativeSessionTime: 226500
10-19 11:21:03.343 2330 2509 W ContextImpl: Calling a method in the system process without a qualified user: android.app.ContextImpl.sendBroadcast:763 com.android.server.usage.UsageStatsService.insertUsageStats:2045 com.android.server.usage.UsageStatsService$PkgUsageStatsExtended.updatePause:1920 com.android.server.usage.UsageStatsService$LocalService.notePauseComponent:1701 com.android.server.am.ActivityManagerService.updateUsageStats:3550
10-19 11:21:03.345 2330 2509 D OsdMonitorService: mCurrentWindow = com.jamdeo.tv.vod/com.ju.main.apppage.AppPageActivity; newWindow = com.jamdeo.tv.vod/com.ju.main.apppage.AppPageActivity; isSubWindow = false; isInWinList = false; isExitNow = false
10-19 11:21:03.345 2330 2509 D OsdMonitorService: windowNotOsd() : name = com.jamdeo.tv.vod/com.ju.main.apppage.AppPageActivity
10-19 11:21:03.345 2330 2509 I OsdMonitorService: setOsdStatus() : status will change from true to true
10-19 11:21:03.346 2330 2357 D WindowManager: change starting window background to:ff101623
10-19 11:21:03.361 2330 2357 D Surface : onStatusChange() : mNativeObject = 367927409728 mUseImageHwRender = false
10-19 11:21:03.361 2330 2357 V Surface : nativeSetHardwareRender() : status = 0
10-19 11:21:03.361 2330 2357 V Surface : nativeSetHardwareRender() : end
10-19 11:21:03.362 4245 4624 I speechview_ViewProvider: call-method: exitDialog
10-19 11:21:03.364 2982 2982 D AppManager: CEXX-onActivityPaused-ActivityName:AppPageActivity;b:true
10-19 11:21:03.390 2330 2357 D Surface : lockCanvas() : mUseImageHwRender = false this = Surface(name=null)/@0x92fe67e
10-19 11:21:03.391 1660 2406 D gralloc : usage is GRALLOC_USAGE_AFBC_OFF!!!!!
10-19 11:21:03.391 1660 2406 D gralloc : allocate memory from system heap
10-19 11:21:03.395 2330 3035 I ActivityManager: Start proc 8203:com.bay.elassistant/u0a37 for activity com.bay.elassistant/.MainActivity
10-19 11:21:03.400 8203 8203 I art : Late-enabling -Xcheck:jni
10-19 11:21:03.428 2330 2357 D Surface : unlockCanvasAndPost() : mUseImageHwRender = false mSupportHwRender = false surface = Surface(name=null)/@0x92fe67e
10-19 11:21:03.436 2330 2596 I UsageStatsService: resumed component name is ComponentInfo{com.bay.elassistant/com.bay.elassistant.MainActivity}
10-19 11:21:03.437 2330 2596 I UsageStatsService: notifyAppSwitch() App switch from:com.jamdeo.tv.vod to com.bay.elassistant and preCom is :com.ju.main.launcher.LauncherActivity current com is:com.bay.elassistant.MainActivity
10-19 11:21:03.437 2330 2596 I UsageStatsService: started component:com.bay.elassistant
10-19 11:21:03.438 2330 2596 V UsageStatsService: Resumed: 1790490 Component: com.bay.elassistant/com.bay.elassistant.MainActivity Time: 1603077663437 VersionCode: 1 LastUpdateTime: 1603077626503
10-19 11:21:03.438 2330 2596 W ContextImpl: Calling a method in the system process without a qualified user: android.app.ContextImpl.sendBroadcast:763 com.android.server.usage.UsageStatsService.insertUsageStats:2045 com.android.server.usage.UsageStatsService$PkgUsageStatsExtended.updateResume:1903 com.android.server.usage.UsageStatsService$LocalService.noteResumeComponent:1652 com.android.server.am.ActivityManagerService.updateUsageStats:3541
10-19 11:21:03.443 2330 2596 I ActivityManager: TR15) TaskRecord{e56c2c #2810 A=com.bay.elassistant U=0 sz=1}
10-19 11:21:03.444 2330 2596 I ActivityManager: TR14) TaskRecord{7bea4f0 #2806 A=com.jamdeo.tv.vod U=0 sz=2}
10-19 11:21:03.463 3666 4332 W hcdn_upload: HCDN_LOG: [2020-10-19 11:21:03.463][T:4332]Update uload speed 1 kbps ,real:199 kbps,qsize:0,maxsize:12,timeout_speed:91 kbps
10-19 11:21:03.471 2982 2982 D Surface : onStatusChange() : mNativeObject = 0 mUseImageHwRender = false
10-19 11:21:03.478 2982 4230 I MainPageNetworkModule: |getVipSpecialData() param: null
10-19 11:21:03.506 1660 1953 D hwcomposer: lastHWWindowInfo is dirty
10-19 11:21:03.537 2330 2596 I ActivityManager: accel TR15) TaskRecord{e56c2c #2810 A=com.bay.elassistant U=0 sz=1}
10-19 11:21:03.537 2330 2596 I ActivityManager: accel TR14) TaskRecord{7bea4f0 #2806 A=com.jamdeo.tv.vod U=0 sz=2}
10-19 11:21:03.537 2330 2596 V ActivityManager: set mstar.EnterOpaqueUI false
10-19 11:21:03.563 8203 8203 W System : ClassLoader referenced unknown path: /data/app/com.bay.elassistant-1/lib/arm64
10-19 11:21:03.567 2517 2644 I AggregatedLegacyCodes: isHiddenPackage called for: com.bay.elassistant, returning: false
10-19 11:21:03.613 8203 8203 W art : Before Android 4.1, method android.graphics.PorterDuffColorFilter androidx.vectordrawable.graphics.drawable.VectorDrawableCompat.updateTintFilter(android.graphics.PorterDuffColorFilter, android.content.res.ColorStateList, android.graphics.PorterDuff$Mode) would have incorrectly overridden the package-private method in android.graphics.drawable.Drawable
10-19 11:21:03.671 2330 5334 I MediaFocusControl: AudioFocus abandonAudioFocus() from android.media.AudioManager@52e9edbcom.jamdeo.tv.service.handlers.SourceRemoteServiceHandler$AudioFocusListener@1a28d78
10-19 11:21:03.673 2610 2610 D ConfigurationRemoteServiceHandler: Current source 0xa02, loading settings
10-19 11:21:03.673 2517 2529 D InputTilesManager: onCurrentInputSourceChanged, currentSource: 2562
10-19 11:21:03.674 2517 2529 D InputTilesManager: onCurrentInputSourceChanged, mLastSourceId:1281, mCurrentSourceId:2562
10-19 11:21:03.674 2517 2529 D InputSourceDetectionManager: onCurrentInputSourceChanged, currentSource: 2562
10-19 11:21:03.682 8203 8203 I art : Rejecting re-init on previously-failed class java.lang.Class
10-19 11:21:03.683 8203 8203 I art : Rejecting re-init on previously-failed class java.lang.Class
10-19 11:21:03.684 2517 2644 D UsageDataOperator: Notify usage start succeeded for: com.hisense.store.tv/com.bay.elassistant, start time: 11:21:03 (provided: false), new usage id: 3815
10-19 11:21:03.712 2982 5593 I LauncherWindowManager: onCurrentInputSourceStatusChanged currentSource = 2562 status = 1
10-19 11:21:03.712 2982 5593 I LauncherWindowManager: refreshCurrentSingalBySourceStatus sourceStatus = 1
10-19 11:21:03.712 2610 2610 D ConfigurationRemoteServiceHandler: Source 0xa02 is connected, loading settings
10-19 11:21:03.716 2517 5497 D InputTilesManager: onCurrentInputSourceStatusChanged source=2562, status=1
10-19 11:21:03.716 2517 5497 D InputSourceDetectionManager: onCurrentInputSourceStatusChanged() currentSource =2562, status = 1
10-19 11:21:03.728 2610 2610 D AbstractConfigOption: Option 0x300000f synchronized to HW, result=0
10-19 11:21:03.745 2517 2850 D InputTilesManager: onInputSourceSignalDetected source=2562, isConnected=true
10-19 11:21:03.745 2517 2850 D InputSourceDetectionManager: preConnected=1
10-19 11:21:03.745 2517 2850 D InputSourceDetectionManager: curConnected=1
10-19 11:21:03.746 2517 2688 E ActivityThread: Failed to find provider info for com.hisense.tv.AIVirtualAssistant.provider.NotificationProvider
10-19 11:21:03.789 8203 8203 W Activity: changePanelKeyPadStateIfNecessary() : false
10-19 11:21:03.790 8203 8203 V InputManager: setPanelKeyPadConvertState() : false
10-19 11:21:03.806 8203 8224 D OpenGLRenderer: Use EGL_SWAP_BEHAVIOR_PRESERVED: false
10-19 11:21:03.828 8203 8203 D AndroidRuntime: Shutting down VM
10-19 11:21:03.829 8203 8203 E AndroidRuntime: FATAL EXCEPTION: main
10-19 11:21:03.829 8203 8203 E AndroidRuntime: Process: com.bay.elassistant, PID: 8203
10-19 11:21:03.829 8203 8203 E AndroidRuntime: java.lang.RuntimeException: Unable to create service com.bay.elassistant.ELAssistantService: android.view.WindowManager$BadTokenException: Unable to add window android.view.ViewRootImpl$W@d344ffc -- permission denied for this window type
10-19 11:21:03.829 8203 8203 E AndroidRuntime: at android.app.ActivityThread.handleCreateService(ActivityThread.java:2887)
10-19 11:21:03.829 8203 8203 E AndroidRuntime: at android.app.ActivityThread.-wrap4(ActivityThread.java)
10-19 11:21:03.829 8203 8203 E AndroidRuntime: at android.app.ActivityThread$H.handleMessage(ActivityThread.java:1427)
10-19 11:21:03.829 8203 8203 E AndroidRuntime: at android.os.Handler.dispatchMessage(Handler.java:102)
10-19 11:21:03.829 8203 8203 E AndroidRuntime: at android.os.Looper.loop(Looper.java:148)
10-19 11:21:03.829 8203 8203 E AndroidRuntime: at android.app.ActivityThread.main(ActivityThread.java:5431)
10-19 11:21:03.829 8203 8203 E AndroidRuntime: at java.lang.reflect.Method.invoke(Native Method)
10-19 11:21:03.829 8203 8203 E AndroidRuntime: at com.android.internal.os.ZygoteInit$MethodAndArgsCaller.run(ZygoteInit.java:731)
10-19 11:21:03.829 8203 8203 E AndroidRuntime: at com.android.internal.os.ZygoteInit.main(ZygoteInit.java:621)
10-19 11:21:03.829 8203 8203 E AndroidRuntime: Caused by: android.view.WindowManager$BadTokenException: Unable to add window android.view.ViewRootImpl$W@d344ffc -- permission denied for this window type
10-19 11:21:03.829 8203 8203 E AndroidRuntime: at android.view.ViewRootImpl.setView(ViewRootImpl.java:591)
10-19 11:21:03.829 8203 8203 E AndroidRuntime: at android.view.WindowManagerGlobal.addView(WindowManagerGlobal.java:310)
10-19 11:21:03.829 8203 8203 E AndroidRuntime: at android.view.WindowManagerImpl.addView(WindowManagerImpl.java:85)
10-19 11:21:03.829 8203 8203 E AndroidRuntime: at com.bay.elassistant.ELAssistantService.onCreate(ELAssistantService.java:42)
10-19 11:21:03.829 8203 8203 E AndroidRuntime: at android.app.ActivityThread.handleCreateService(ActivityThread.java:2877)
10-19 11:21:03.829 8203 8203 E AndroidRuntime: ... 8 more
10-19 11:21:03.830 2330 2680 D ActivityManager: macey enter handleApplicationCrash
10-19 11:21:03.830 2330 2680 W ActivityManager: Force finishing activity com.bay.elassistant/.MainActivity
10-19 11:21:03.831 2330 8225 I ActivityManager:
10-19 11:21:03.831 2330 8225 I ActivityManager: fault msg=java.lang.RuntimeException: Unable to create service com.bay.elassistant.ELAssistantService: android.view.WindowManager$BadTokenException: Unable to add window android.view.ViewRootImpl$W@d344ffc -- permission denied for this window type
10-19 11:21:03.831 2330 8225 I ActivityManager: at android.app.ActivityThread.handleCreateService(ActivityThread.java:2887)
10-19 11:21:03.831 2330 8225 I ActivityManager: at android.app.ActivityThread.-wrap4(ActivityThread.java)
10-19 11:21:03.831 2330 8225 I ActivityManager: at android.app.ActivityThread$H.handleMessage(ActivityThread.java:1427)
10-19 11:21:03.831 2330 8225 I ActivityManager: at android.os.Handler.dispatchMessage(Handler.java:102)
10-19 11:21:03.831 2330 8225 I ActivityManager: at android.os.Looper.loop(Looper.java:148)
10-19 11:21:03.831 2330 8225 I ActivityManager: at android.app.ActivityThread.main(ActivityThread.java:5431)
10-19 11:21:03.831 2330 8225 I ActivityManager: at java.lang.reflect.Method.invoke(Native Method)
10-19 11:21:03.831 2330 8225 I ActivityManager: at com.android.internal.os.ZygoteInit$MethodAndArgsCaller.run(ZygoteInit.java:731)
10-19 11:21:03.831 2330 8225 I ActivityManager: at com.android.internal.os.ZygoteInit.main(ZygoteInit.java:621)
10-19 11:21:03.831 2330 8225 I ActivityManager: Caused by: android.view.WindowManager$BadTokenException: Unable to add window android.view.ViewRootImpl$W@d344ffc -- permission denied for this window type
10-19 11:21:03.831 2330 8225 I ActivityManager: at android.view.ViewRootImpl.setView(ViewRootImpl.java:591)
10-19 11:21:03.831 2330 8225 I ActivityManager: at android.view.WindowManagerGlobal.addView(WindowManagerGlobal.java:310)
10-19 11:21:03.831 2330 8225 I ActivityManager: at android.view.WindowManagerImpl.addView(WindowManagerImpl.java:85)
10-19 11:21:03.831 2330 8225 I ActivityManager: at com.bay.elassistant.ELAssistantService.onCreate(ELAssistantService.java:42)
10-19 11:21:03.831 2330 8225 I ActivityManager: at android.app.ActivityThread.handleCreateService(ActivityThread.java:2877)
10-19 11:21:03.831 2330 8225 I ActivityManager: ... 8 more
10-19 11:21:03.831 2330 8225 W ActivityManager: version=1.0
10-19 11:21:03.831 2330 8225 I UsageStatsService: CRASH is enable!!!!
10-19 11:21:03.833 2330 8225 W ContextImpl: Calling a method in the system process without a qualified user: android.app.ContextImpl.sendBroadcast:763 com.android.server.usage.UsageStatsService$LocalService.insertAppFaultUsageStats:1542 com.android.server.am.ActivityManagerService$19.run:12920
10-19 11:21:03.840 1660 1953 D hwcomposer: lastHWWindowInfo is dirty
10-19 11:21:03.890 1660 1953 D hwcomposer: GOP[0]:disable afbc
10-19 11:21:03.907 1660 1953 D hwcomposer: lastHWWindowInfo is dirty
10-19 11:21:04.135 2330 2680 I WindowManager: Screenshot max retries 4 of Token{77f98da ActivityRecord{4a91285 u0 com.bay.elassistant/.MainActivity t2810 f}} appWin=Window{5dc0d3d u0 Starting com.bay.elassistant} drawState=4
10-19 11:21:04.135 2330 2680 I UsageStatsService: paused component:com.bay.elassistant
10-19 11:21:04.135 2330 2680 V UsageStatsService: Paused: 1791188 Component: com.bay.elassistant/com.bay.elassistant.MainActivity Time: 1603077664135 LastSessionTime: 698 CumulativeSessionTime: 698
10-19 11:21:04.135 2330 2680 W ContextImpl: Calling a method in the system process without a qualified user: android.app.ContextImpl.sendBroadcast:763 com.android.server.usage.UsageStatsService.insertUsageStats:2045 com.android.server.usage.UsageStatsService$PkgUsageStatsExtended.updatePause:1920 com.android.server.usage.UsageStatsService$LocalService.notePauseComponent:1701 com.android.server.am.ActivityManagerService.updateUsageStats:3550
10-19 11:21:04.136 2330 8225 W art : Long monitor contention event with owner method=void com.android.server.am.ActivityManagerService.crashApplication(com.android.server.am.ProcessRecord, android.app.ApplicationErrorReport$CrashInfo) from ActivityManagerService.java:12963 waiters=0 for 303ms
10-19 11:21:04.144 8199 8199 D AndroidRuntime: >>>>>> START com.android.internal.os.RuntimeInit uid 0 <<<<<<
10-19 11:21:04.150 8199 8199 D AndroidRuntime: CheckJNI is OFF
10-19 11:21:04.151 2330 2345 D OsdMonitorService: mCurrentWindow = com.jamdeo.tv.vod/com.ju.main.apppage.AppPageActivity; newWindow = Application Error: com.bay.elassistant; isSubWindow = false; isInWinList = false; isExitNow = false
10-19 11:21:04.151 2330 2345 D OsdMonitorService: windowNotOsd() : name = Application Error: com.bay.elassistant
10-19 11:21:04.151 2330 2345 I OsdMonitorService: setOsdStatus() : status will change from true to true
10-19 11:21:04.152 2330 8225 I BugUploadServerImpl: mBugUpload null!
10-19 11:21:04.163 2330 2345 D Surface : onStatusChange() : mNativeObject = 367925147280 mUseImageHwRender = false
10-19 11:21:04.164 2330 2345 V Surface : nativeSetHardwareRender() : status = 0
10-19 11:21:04.164 2330 2345 V Surface : nativeSetHardwareRender() : end
10-19 11:21:04.164 2330 2345 D OsdMonitorService: mCurrentWindow = Application Error: com.bay.elassistant; newWindow = Application Error: com.bay.elassistant; isSubWindow = false; isInWinList = false; isExitNow = false
10-19 11:21:04.164 2330 2345 D OsdMonitorService: windowNotOsd() : name = Application Error: com.bay.elassistant
10-19 11:21:04.165 2330 2345 I OsdMonitorService: setOsdStatus() : status will change from true to true
10-19 11:21:04.175 2517 2656 D InputTilesManager: handleMessage, what: 11
10-19 11:21:04.175 2517 2656 D InputTilesManager: MSG_INPUT_USAGE_FOR_RECENTS, source id:2562
10-19 11:21:04.175 2517 2656 D InputTilesDataHelper: addInputTilesUsageData, isStart: true, sourceId:2562, isForRecents:true, siloType: null, delayed start: -1
10-19 11:21:04.188 2330 5245 I OpenGLRenderer: Initialized EGL, version 1.4
10-19 11:21:04.192 2330 5245 D mali_winsys: new_window_surface returns 0x3000
10-19 11:21:04.193 1660 1920 D gralloc : usage is GRALLOC_USAGE_AFBC_OFF!!!!!
10-19 11:21:04.193 1660 1920 D gralloc : allocate memory from system heap
10-19 11:21:04.194 1660 1920 D gralloc : usage is GRALLOC_USAGE_AFBC_OFF!!!!!
10-19 11:21:04.194 1660 1920 D gralloc : allocate memory from system heap
10-19 11:21:04.194 1660 1920 D gralloc : usage is GRALLOC_USAGE_AFBC_OFF!!!!!
10-19 11:21:04.194 1660 1920 D gralloc : allocate memory from system heap
10-19 11:21:04.204 1660 2407 D gralloc : allocate memory from system heap
10-19 11:21:04.221 1660 2407 D gralloc : allocate memory from system heap
10-19 11:21:04.232 1660 2368 D gralloc : allocate memory from system heap
10-19 11:21:04.255 8199 8199 V Surface : register_android_view_Surface() : start
10-19 11:21:04.255 8199 8199 V Surface : register_android_view_Surface() : end
10-19 11:21:04.265 1660 1953 D hwcomposer: GOP[0]:AFBC MODE FBString = 0
10-19 11:21:04.276 1660 1953 D hwcomposer: lastHWWindowInfo is dirty
10-19 11:21:04.293 1660 1953 D hwcomposer: lastHWWindowInfo is dirty
10-19 11:21:04.300 3086 3086 I SIWindowMonitorService: WINDOW_STATE isFullScreen = false; isEnabled = true; isScrollable = false
10-19 11:21:04.300 3086 3086 I SIWindowMonitorService: WINDOW_STATE pkgName = android; componentName = com.android.server.am.AppErrorDialog
10-19 11:21:04.329 8199 8199 D AndroidRuntime: Calling main entry com.android.commands.am.Am
10-19 11:21:04.334 8199 8199 D AndroidRuntime: Shutting down VM
10-19 11:21:04.411 1660 2407 D gralloc : allocate memory from system heap
10-19 11:21:04.637 2330 2344 W ActivityManager: Activity pause timeout for ActivityRecord{4a91285 u0 com.bay.elassistant/.MainActivity t2810 f}
10-19 11:21:04.638 2330 2344 I ActivityManager: TR15) TaskRecord{7bea4f0 #2806 A=com.jamdeo.tv.vod U=0 sz=2}
10-19 11:21:04.638 2330 2344 I ActivityManager: TR14) TaskRecord{e56c2c #2810 A=com.bay.elassistant U=0 sz=1}
10-19 11:21:04.653 2330 2691 D Surface : onStatusChange() : mNativeObject = 367929926640 mUseImageHwRender = false
10-19 11:21:04.653 2330 2691 V Surface : nativeSetHardwareRender() : status = 0
10-19 11:21:04.653 2330 2691 V Surface : nativeSetHardwareRender() : end
10-19 11:21:04.653 2330 2691 D OsdMonitorService: mCurrentWindow = Application Error: com.bay.elassistant; newWindow = Application Error: com.bay.elassistant; isSubWindow = false; isInWinList = false; isExitNow = false
10-19 11:21:04.653 2330 2691 D OsdMonitorService: windowNotOsd() : name = Application Error: com.bay.elassistant
10-19 11:21:04.653 2330 2691 I OsdMonitorService: setOsdStatus() : status will change from true to true
10-19 11:21:04.655 2330 2691 D Surface : onStatusChange() : mNativeObject = 0 mUseImageHwRender = false
10-19 11:21:04.655 2982 2982 D Surface : onStatusChange() : mNativeObject = -1411250456 mUseImageHwRender = false
10-19 11:21:04.655 2982 2982 V Surface : nativeSetHardwareRender() : status = 0
10-19 11:21:04.655 2982 2982 V Surface : nativeSetHardwareRender() : end
10-19 11:21:04.656 2982 3661 D mali_winsys: new_window_surface returns 0x3000
10-19 11:21:04.656 1660 2368 D gralloc : usage is GRALLOC_USAGE_AFBC_OFF!!!!!
10-19 11:21:04.657 1660 2368 D gralloc : allocate memory from system heap
10-19 11:21:04.661 1660 2368 D gralloc : usage is GRALLOC_USAGE_AFBC_OFF!!!!!
10-19 11:21:04.662 1660 2368 D gralloc : allocate memory from system heap
10-19 11:21:04.664 1660 2368 D gralloc : usage is GRALLOC_USAGE_AFBC_OFF!!!!!
10-19 11:21:04.665 1660 2368 D gralloc : allocate memory from system heap
10-19 11:21:04.685 1660 2368 D gralloc : allocate memory from system heap
10-19 11:21:04.692 1660 1953 D hwcomposer: lastHWWindowInfo is dirty
10-19 11:21:04.707 3666 4265 E localserver: HCDN_LOG: [2020/10/19-11:21:04:707]:[func:serve],[line:254],httpserver Server Running,thread_status:0xab6eaa88
10-19 11:21:04.733 2330 2344 I ActivityManager: accel TR15) TaskRecord{7bea4f0 #2806 A=com.jamdeo.tv.vod U=0 sz=2}
10-19 11:21:04.733 2330 2344 I ActivityManager: accel TR14) TaskRecord{e56c2c #2810 A=com.bay.elassistant U=0 sz=1}
10-19 11:21:04.733 2330 2344 I UsageStatsService: resumed component name is ComponentInfo{com.jamdeo.tv.vod/com.ju.main.apppage.AppPageActivity}
10-19 11:21:04.735 2330 2344 I UsageStatsService: notifyAppSwitch() App switch from:com.bay.elassistant to com.jamdeo.tv.vod and preCom is :com.bay.elassistant.MainActivity current com is:com.ju.main.launcher.LauncherActivity
10-19 11:21:04.735 2330 2344 I UsageStatsService: started component:com.jamdeo.tv.vod
10-19 11:21:04.735 2330 2344 V UsageStatsService: Resumed: 1791788 Component: com.jamdeo.tv.vod/com.ju.main.apppage.AppPageActivity Time: 1603077664735 VersionCode: 1500005025 LastUpdateTime: 1560605152702
10-19 11:21:04.736 2330 2344 W ContextImpl: Calling a method in the system process without a qualified user: android.app.ContextImpl.sendBroadcast:763 com.android.server.usage.UsageStatsService.insertUsageStats:2045 com.android.server.usage.UsageStatsService$PkgUsageStatsExtended.updateResume:1903 com.android.server.usage.UsageStatsService$LocalService.noteResumeComponent:1652 com.android.server.am.ActivityManagerService.updateUsageStats:3541
10-19 11:21:04.737 2982 2982 D HiSDKLogReport: CEXX-onActivityResumed-isBackground : false
10-19 11:21:04.737 2982 2982 D HiSDKLogReport: CEXX-onActivityResumed-activityName : AppPageActivity
10-19 11:21:04.738 2982 2982 V InputManager: setPanelKeyPadConvertState() : false
10-19 11:21:04.742 2330 2344 D OsdMonitorService: mCurrentWindow = Application Error: com.bay.elassistant; newWindow = Application Error: com.bay.elassistant; isSubWindow = false; isInWinList = false; isExitNow = false
10-19 11:21:04.742 2330 2344 D OsdMonitorService: windowNotOsd() : name = Application Error: com.bay.elassistant
10-19 11:21:04.742 2330 2344 I OsdMonitorService: setOsdStatus() : status will change from true to true
10-19 11:21:04.743 2330 2344 D OsdMonitorService: mCurrentWindow = Application Error: com.bay.elassistant; newWindow = Application Error: com.bay.elassistant; isSubWindow = false; isInWinList = false; isExitNow = false
10-19 11:21:04.743 2330 2344 D OsdMonitorService: windowNotOsd() : name = Application Error: com.bay.elassistant
10-19 11:21:04.743 2330 2344 I OsdMonitorService: setOsdStatus() : status will change from true to true
10-19 11:21:04.748 2982 3637 I DisplayModeHelper: |recordPlayEndForDisplayMode videoInfo = com.ju.common.playmode.DisplayModeVideoInfo@5e69559
10-19 11:21:04.751 2330 2357 D Surface : onStatusChange() : mNativeObject = 0 mUseImageHwRender = false
10-19 11:21:04.755 2330 2357 D OsdMonitorService: mCurrentWindow = Application Error: com.bay.elassistant; newWindow = Application Error: com.bay.elassistant; isSubWindow = false; isInWinList = false; isExitNow = false
10-19 11:21:04.755 2330 2357 D OsdMonitorService: windowNotOsd() : name = Application Error: com.bay.elassistant
10-19 11:21:04.755 2330 2357 I OsdMonitorService: setOsdStatus() : status will change from true to true
10-19 11:21:04.775 2517 2644 I AggregatedLegacyCodes: isHiddenPackage called for: com.bay.elassistant, returning: false
10-19 11:21:04.789 2517 2644 D UsageDataOperator: Notify usage end for: com.hisense.store.tv/com.bay.elassistant, delayed: false, found row id: 3815, update succeeded, start time: 11:21:03, end time: 11:21:04
10-19 11:21:05.171 1660 1920 D gralloc : allocate memory from system heap
10-19 11:21:05.419 8236 8236 D AndroidRuntime: >>>>>> START com.android.internal.os.RuntimeInit uid 0 <<<<<<
10-19 11:21:05.424 8236 8236 D AndroidRuntime: CheckJNI is OFF
10-19 11:21:05.476 8236 8236 D ICU : No timezone override file found: /data/misc/zoneinfo/current/icu/icu_tzdata.dat
10-19 11:21:05.499 8236 8236 V Surface : register_android_view_Surface() : start
10-19 11:21:05.500 8236 8236 V Surface : register_android_view_Surface() : end
10-19 11:21:05.537 3666 4332 W hcdn_upload: HCDN_LOG: [2020-10-19 11:21:05.537][T:4332]Update uload speed 1 kbps ,real:199 kbps,qsize:0,maxsize:12,timeout_speed:91 kbps
10-19 11:21:05.544 8236 8236 D AndroidRuntime: Calling main entry com.android.commands.am.Am
10-19 11:21:05.547 2330 4531 W ActivityManager: Unable to start service Intent { act=com.iflytek.vocmd.START pkg=com.iflytek.xiri (has extras) } U=0: not found
10-19 11:21:05.548 8236 8236 D AndroidRuntime: Shutting down VM
10-19 11:21:05.747 2517 2688 E ActivityThread: Failed to find provider info for com.hisense.tv.AIVirtualAssistant.provider.NotificationProvider
10-19 11:21:05.768 1660 1920 D gralloc : allocate memory from system heap